-3*j, v - 14 = -f*v - 4*j. What is the tens digit of v?
1
Suppose 2*j - 531 + 151 = 0. Let r = 284 - j. What is the units digit of (-12)/(-42) - r/(-14)?
7
Let z be (8 - 10)/(1/(-6)). Suppose -z = -5*x + 8. Suppose 0*g = g - x, 0 = -2*u + 2*g + 6. What is the units digit of u?
7
Let c = -3 - -12. Let u = -1 + c. What is the units digit of u?
8
Let j(k) = -2*k**2 + 14*k - 8. What is the units digit of j(6)?
4
Let h(v) = 2*v**2 + 3*v + 9. What is the units digit of h(-4)?
9
Let t = -55 - -206. What is the tens digit of t?
5
Suppose 0 = 4*b - 57 - 67. What is the units digit of b?
1
Suppose 11 + 37 = 3*s - n, 81 = 5*s - 2*n. What is the units digit of s?
5
Let b = 7 + -4. Let y = -4 + b. What is the tens digit of (7/3)/(y/(-6))?
1
Suppose 9 = -3*u - 21. What is the units digit of 2/u + (-48)/(-15)?
3
Let i = -6 + 10. Let j be 4284/85 - (-2)/(-5). Suppose g + i*g = j. What is the units digit of g?
0
Let s(k) = k - 1. Let n be s(6). Suppose -2*t = -n*g - 43, -3*g - 9 = 2*t + t. Let z = g + 10. What is the units digit of z?
3
Suppose -5*l + 460 = -h, -3*h = -0*l + l - 108. What is the tens digit of l?
9
Let j = -3 + 6. Let z = -1 - -5. Suppose 0 = -f - j + z. What is the units digit of f?
1
Suppose 46*k + 300 = 50*k. What is the tens digit of k?
7
Let r(x) = -3*x - 5. What is the tens digit of r(-12)?
3
Suppose -2*z = z + 4*h + 29, -2*h + 24 = -4*z. What is the tens digit of (-20)/70 + (-107)/z?
1
Suppose 4*k - 12 = -4*w + 2*w, -w = -4*k + 12. Suppose w*b = -4*b + 88. What is the tens digit of b?
2
What is the units digit of 24/(-84) - (-2)/((-42)/(-7335))?
9
What is the units digit of 3/(-6) - (-519)/6?
6
Let w be (-3)/((-3)/(-2) - 3). Suppose 0 = 2*l - 2*z - 22, w = -0*z - z. What is the units digit of l?
9
Let i = 3 + -1. Suppose 2*x - 6 = -y + i, -4*x = y - 12. Let m(u) = 2*u**3 - u - 1. What is the units digit of m(x)?
3
Let r be ((-3)/9)/(2/(-390)). Suppose 0 = -d + 6*d - r. What is the units digit of d?
3
Let m be -2 + 6*(-4)/(-6). Let g be 2 + (2 - (2 - m)). Let s = g - -2. What is the units digit of s?
6
Let h = -8 + 35. What is the units digit of h?
7
Let n = 1 - -1. Suppose -w - n = -10. What is the units digit of w?
8
Let i(a) = -a**2 - 7*a + 7. Let g be i(-6). Suppose -g - 11 = -u. Suppose 14 = 2*p - u. What is the units digit of p?
9
Suppose 0 = -6*v - 5 - 67. Let g = v - -18. What is the units digit of g?
6
Let g(x) = -46*x - 1. Let k be g(1). Let j = 87 + k. What is the tens digit of j?
4
Suppose 0 = -4*t + 5*t. Let n = 2 - t. Suppose -3*r = -6, 4*d - 3 = n*r + 1. What is the units digit of d?
2
Suppose -3*g - 2*z + 557 = -0*g, 5*z = -2*g + 386. Suppose 3*c + 48 = g. Suppose 0 = 4*x - 9*x + c. What is the units digit of x?
9
Suppose -i - 1 + 7 = 0. Suppose 4*c - 5*k + 68 = i*c, -3*k = 3*c - 84. What is the tens digit of c?
2
Let p = 64 + -41. What is the units digit of p?
3
Let c(g) = g**2 - 7*g + 3*g + g - 5. Let r be c(5). Suppose -5*o = 7*z - 2*z + r, 3 = -z. What is the units digit of o?
2
Suppose n + 0*u - 14 = -3*u, 2*n = -5*u + 25. Let l = n + -3. Suppose -w + 6 = l*w. What is the units digit of w?
2
Suppose 2*c - 5*c - 5*o + 26 = 0, -3*c + 2*o + 40 = 0. Let y(x) = -x + 23. What is the units digit of y(c)?
1
Suppose 2*u = -4*b + 390, -3*b = -5*u - b + 987. What is the hundreds digit of u?
1
Let k = -75 - -115. What is the tens digit of k?
4
Let r(o) = 15*o - 6. What is the tens digit of r(3)?
3
Suppose 0 = -3*o + 9, -4*w - 5*o + 31 = -32. Suppose -w = -0*g - g. What is the units digit of g?
2
Let o = -1 - -7. Let k(r) = 5*r - 2*r - 2*r. What is the units digit of k(o)?
6
Let l(m) = 3*m**3 - 7*m**2 + m - 2. What is the tens digit of l(5)?
0
Suppose 6*j - j - 10 = 0. Let i = 0 - j. Let w = 8 - i. What is the tens digit of w?
1
Let x(s) = 4*s - 1. Let d(r) = r - 1. Let c(m) = -6*d(m) + x(m). What is the units digit of c(-4)?
3
Suppose -22 = -3*p + 35. What is the units digit of p?
9
What is the tens digit of -8 - -1 - -4 - -64?
6
Let f(i) = 7*i - 2. Let s be f(1). Suppose 3*j + 9 = 2*r - 4*r, r = -s*j - 22. What is the units digit of r?
3
Let i = 19 + -13. What is the units digit of i?
6
Suppose -4*z - 3*w - 2 = -3, 4*z = -5*w + 7. What is the units digit of 4 + z/(2*-1)?
5
Let i(n) = 3*n**2 - 5*n + 8. What is the units digit of i(4)?
6
Suppose -3*i - 2*a - 16 = 0, 3*i + 4 + 10 = -a. What is the tens digit of 864/88 + i/(-22)?
1
Let i = -11 + 11. Let l = 14 - i. What is the units digit of l?
4
Suppose 9 - 1 = 4*g. Suppose 3*k + k = 20, -5*f - g*k = 10. What is the tens digit of (-31)/(-3) + f/12?
1
Let k(q) = q**2 + 7*q + 25. What is the tens digit of k(-10)?
5
Let m(y) = y. Let s(p) = -5*p - 7. Let n(i) = -4*m(i) - s(i). What is the units digit of n(7)?
4
Suppose 0 = -5*y + 47 + 8. What is the units digit of y?
1
Suppose -3*p = -0*s - s + 6, -15 = -3*p. What is the units digit of s?
1
Let v(r) = -5*r**2 - 16*r + 6. Let x(q) = -q**2 - q. Let i(g) = -v(g) + 6*x(g). What is the units digit of i(8)?
0
Let i be (-27)/12*(-10 - 2). Let l = i - 17. What is the tens digit of l?
1
Let f = 6 + -2. Let h = f - 2. What is the units digit of h?
2
Suppose 0 = 3*i + 3*a - 504, -6*i + a + 524 = -3*i. What is the units digit of i?
3
What is the units digit of (3 - -3)/(-2) - -10?
7
Suppose 56 = 4*v - 2*r, -4*v + 52 = -3*r + 2*r. What is the units digit of v?
2
Suppose 11 - 59 = -4*i. Let j(h) = h**2 + 7*h - 1. Let g be j(-6). Let y = i + g. What is the units digit of y?
5
Let r(p) = 5*p**3 - 3*p**2 + 3*p - 3. What is the units digit of r(2)?
1
Let g(n) = -n**2 - 7*n + 6. Let p be g(-6). Suppose 2*s = 4*a - p, -2*a + 0 = 5*s + 6. Suppose a*z = -4*w + 28, 3 - 7 = -2*w. What is the tens digit of z?
1
Let s(p) = 2*p**2 + 4*p - 4. Let x be s(-4). What is the units digit of (-4)/x - 86/(-6)?
4
Let l = 163 + -105. What is the tens digit of l?
5
Suppose 3*o - 10 = 20. What is the units digit of o?
0
Let d = -5 + 8. Suppose d*k = 4*k - 4*w - 34, 0 = -2*k - w + 113. What is the units digit of 4/(-10) - k/(-10)?
5
Suppose -5*a - 415 = 2*d, 3*a + 2*a = 5*d + 1090. What is the tens digit of d/(-10) + 1/(-2)?
2
Let y(f) = -3*f + 7*f**2 + 6*f - 6*f**2 - 9. What is the units digit of y(-7)?
9
Let p be (-4)/(-6) + (-10)/(-3). Suppose -5*u + 2*j + 78 = 0, p*u - 4*j - 44 = 2*u. What is the units digit of u?
4
Let y be -9*(0 + 4/(-6)). What is the units digit of 21/y*(1 + 1)?
7
Let y be 1*(-4 + 3 - -32). Suppose y + 185 = 4*i. What is the tens digit of i?
5
Let b(i) = 28*i + 2. What is the units digit of b(2)?
8
Suppose -f = 4*f - 615. Suppose -3*t + f = 51. Suppose -3*h + h + t = 0. What is the units digit of h?
2
Let b(l) be the second derivative of -3*l**5/20 + l. Let p be b(-1). Let v = 15 - p. What is the tens digit of v?
1
Suppose 0 = -3*r + 5*o + 118, -2*r + o = 6*o - 37. What is the tens digit of r?
3
What is the tens digit of (-4 + (-220)/4)/(-1)?
5
What is the units digit of 45*1 + (-4 - -8)?
9
Suppose -11*r - 14 + 113 = 0. What is the units digit of r?
9
What is the tens digit of 7/(-28) - (-69)/4?
1
Let h(d) = -d**3 + 6*d**2 + d. Let i = -6 - -12. What is the units digit of h(i)?
6
Suppose -2*j + 7*w - 3*w = -36, 0 = -3*j - 2*w + 78. What is the tens digit of j?
2
Let s(o) be the second derivative of o**5/20 - 11*o**4/12 - 11*o**3/6 + 3*o**2/2 - 6*o. Suppose 0 = k - 2*k + 12. What is the units digit of s(k)?
5
Suppose 2 = d - 2. Suppose 36 = -d*j + 108. What is the units digit of j?
8
Let s(p) be the third derivative of 5*p**4/24 - 5*p**2. Let l = 4 + -3. What is the units digit of s(l)?
5
What is the units digit of 6/27 + (-615)/(-27)?
3
Let q(n) = -n**3 - 4*n**2 - n - 1. Let b be q(-3). Let o(a) = -5*a + 4. Let x(v) = -v + 1. Let h(w) = o(w) - 4*x(w). What is the units digit of h(b)?
7
Let d(x) = 8*x**3 + 2*x + 4. Let p be d(-3). What is the tens digit of p/(-9) - (-6)/(-27)?
2
Let n be (1 - 3)/((-2)/(-5)). Let l(x) = -x + 9. What is the tens digit of l(n)?
1
Suppose -108 = -4*m + t - 2*t, 3*m - 5*t = 104. Suppose 2*h + 4*n - 40 = 8*n, m = 4*h + 5*n. What is the units digit of h?
2
Suppose r - 2*r = 5*o - 35, 0 = r - 5. What is the units digit of o?
6
Let a = 17 - 11. What is the units digit of a?
6
Let q = -33 - -53. Let v = q + -3. What is the tens digit of v?
1
Let w = 12 + -12. Suppose -5*a - 20 + 50 = w. What is the units digit of a?
6
Suppo